{"id":85,"date":"2019-04-27T20:50:23","date_gmt":"2019-04-27T18:50:23","guid":{"rendered":"http:\/\/asfastri.fr\/?page_id=85"},"modified":"2024-09-14T12:17:38","modified_gmt":"2024-09-14T10:17:38","slug":"ecole-de-triathlon","status":"publish","type":"page","link":"https:\/\/asfastri.fr\/index.php\/ecole-de-triathlon\/","title":{"rendered":"\u00c9cole de triathlon"},"content":{"rendered":"\n<figure class=\"wp-block-image\"><img loading=\"lazy\" decoding=\"async\" width=\"1024\" height=\"768\" src=\"http:\/\/asfastri.fr\/wp-content\/uploads\/2019\/12\/1-1024x768.jpg\" alt=\"\" class=\"wp-image-1445\" srcset=\"https:\/\/asfastri.fr\/wp-content\/uploads\/2019\/12\/1-1024x768.jpg 1024w, https:\/\/asfastri.fr\/wp-content\/uploads\/2019\/12\/1-300x225.jpg 300w, https:\/\/asfastri.fr\/wp-content\/uploads\/2019\/12\/1-768x576.jpg 768w, https:\/\/asfastri.fr\/wp-content\/uploads\/2019\/12\/1-80x60.jpg 80w\" sizes=\"auto, (max-width: 1024px) 100vw, 1024px\" \/><\/figure>\n\n\n\n<p>Le club est labellis\u00e9 \u00c9cole de Triathlon 2 \u00e9toiles par la F\u00e9d\u00e9ration Fran\u00e7aise de Triathlon pour ses qualit\u00e9s d\u2019accueil, son nombre de jeunes, son \u00e9quipe d\u2019\u00e9ducateurs et ses organisations sportives.<br> Tous se mobilisent pour recevoir nos jeunes et les aider \u00e0 pratiquer le triple effort.<\/p>\n","protected":false},"excerpt":{"rendered":"<p>Le club est labellis\u00e9 \u00c9cole de Triathlon 2 \u00e9toiles par la F\u00e9d\u00e9ration Fran\u00e7aise de Triathlon pour ses qualit\u00e9s d\u2019accueil, son nombre de jeunes, son \u00e9quipe d\u2019\u00e9ducateurs et ses organisations sportives. Tous se mobilisent pour recevoir nos jeunes et les aider \u00e0 pratiquer le triple effort.<\/p>\n","protected":false},"author":1,"featured_media":1448,"parent":0,"menu_order":0,"comment_status":"closed","ping_status":"closed","template":"","meta":{"footnotes":""},"class_list":["post-85","page","type-page","status-publish","has-post-thumbnail","hentry"],"_links":{"self":[{"href":"https:\/\/asfastri.fr\/index.php\/wp-json\/wp\/v2\/pages\/85","targetHints":{"allow":["GET"]}}],"collection":[{"href":"https:\/\/asfastri.fr\/index.php\/wp-json\/wp\/v2\/pages"}],"about":[{"href":"https:\/\/asfastri.fr\/index.php\/wp-json\/wp\/v2\/types\/page"}],"author":[{"embeddable":true,"href":"https:\/\/asfastri.fr\/index.php\/wp-json\/wp\/v2\/users\/1"}],"replies":[{"embeddable":true,"href":"https:\/\/asfastri.fr\/index.php\/wp-json\/wp\/v2\/comments?post=85"}],"version-history":[{"count":37,"href":"https:\/\/asfastri.fr\/index.php\/wp-json\/wp\/v2\/pages\/85\/revisions"}],"predecessor-version":[{"id":1451,"href":"https:\/\/asfastri.fr\/index.php\/wp-json\/wp\/v2\/pages\/85\/revisions\/1451"}],"wp:featuredmedia":[{"embeddable":true,"href":"https:\/\/asfastri.fr\/index.php\/wp-json\/wp\/v2\/media\/1448"}],"wp:attachment":[{"href":"https:\/\/asfastri.fr\/index.php\/wp-json\/wp\/v2\/media?parent=85"}],"curies":[{"name":"wp","href":"https:\/\/api.w.org\/{rel}","templated":true}]}}